{"id":2772,"date":"2026-04-20T19:26:13","date_gmt":"2026-04-20T19:26:13","guid":{"rendered":"https:\/\/jacoponapoli.it\/?post_type=mec-events&#038;p=2772"},"modified":"2026-04-20T19:26:13","modified_gmt":"2026-04-20T19:26:13","slug":"il-violoncello-di-christophe-coin","status":"publish","type":"mec-events","link":"https:\/\/jacoponapoli.it\/en\/events\/il-violoncello-di-christophe-coin\/","title":{"rendered":"Il Violoncello di Christophe Coin"},"content":{"rendered":"<h4><img decoding=\"async\" loading=\"lazy\" class=\"wp-image-2773  alignright\" src=\"https:\/\/jacoponapoli.it\/wp-content\/uploads\/2026\/04\/Coin_Cello_petrS2022-7930full-218x300.jpg\" alt=\"\" width=\"350\" height=\"481\" srcset=\"https:\/\/jacoponapoli.it\/wp-content\/uploads\/2026\/04\/Coin_Cello_petrS2022-7930full-218x300.jpg 218w, https:\/\/jacoponapoli.it\/wp-content\/uploads\/2026\/04\/Coin_Cello_petrS2022-7930full-743x1024.jpg 743w, https:\/\/jacoponapoli.it\/wp-content\/uploads\/2026\/04\/Coin_Cello_petrS2022-7930full-768x1058.jpg 768w, https:\/\/jacoponapoli.it\/wp-content\/uploads\/2026\/04\/Coin_Cello_petrS2022-7930full-1115x1536.jpg 1115w, https:\/\/jacoponapoli.it\/wp-content\/uploads\/2026\/04\/Coin_Cello_petrS2022-7930full-1486x2048.jpg 1486w, https:\/\/jacoponapoli.it\/wp-content\/uploads\/2026\/04\/Coin_Cello_petrS2022-7930full-9x12.jpg 9w, https:\/\/jacoponapoli.it\/wp-content\/uploads\/2026\/04\/Coin_Cello_petrS2022-7930full-scaled.jpg 1858w\" sizes=\"(max-width: 350px) 100vw, 350px\" \/><\/h4>\n<h4><strong>Christophe Coin e Giovanna Barbati <em>violoncello barocco<\/em><\/strong><\/h4>\n<h4><strong>Andrea Coen <em>clavicembalo<\/em><\/strong><\/h4>\n<p>&nbsp;<\/p>\n<h5><strong>Antonio Vivaldi (1678-1741)<\/strong><\/h5>\n<h5><em>Sonata in si bemolle maggiore op. 14 n. 1 <\/em><\/h5>\n<h5><strong>Francesco Paolo Supriani (1678-1753)<\/strong><\/h5>\n<h5><em>Toccata in fa minore per violoncello solo<\/em><\/h5>\n<h5><em>Sonata in fa maggiore per due violoncelli<\/em><\/h5>\n<h5><strong>Francesco Geminiani (1687-1762)<\/strong><\/h5>\n<h5><em>Sonata in do maggiore op. 5 n. 3<\/em><\/h5>\n<h5><em>Tendrement in la minore H. 206 per clavicembalo<\/em><\/h5>\n<h5><strong>Martin Berteau (1691-1771)<\/strong><\/h5>\n<h5><em>Sonata in re maggiore op. 1 n. 2<\/em><\/h5>\n<h5><strong>Jean-Baptiste Barri\u00e8re (1707-1747)<\/strong><\/h5>\n<h5><em>Sonata in do minore n. 6 <\/em><\/h5>\n<p>&nbsp;<\/p>\n<p>Nato a Caen nel 1958, <strong>Christophe Coin<\/strong> ha ottenuto il Premier Prix di violoncello al Conservatorio di Parigi, nella classe di Andr\u00e9 Navarra; a Vienna studia poi con Jordi Savall alla Schola Cantorum di Basilea. Trovato negli strumenti antichi il suo terreno ideale, Coin fa da subito il suo ingresso nel mondo concertistico ad altissimo livello, lavorando con il Concentus Musicus di Vienna e poi con Christopher Hogwood. Nel 1984 fonda il Quartetto Mosa\u00efques: i loro cd dedicati all\u2019op. 20 e all\u2019op. 33 di Haydn vengono insigniti del prestigioso Gramophone Award. Christophe Coin lavora inoltre con musicisti del calibro di Patrick Cohen, Monica Huggett, Ton Koopman, Wieland Kuijken, Gustav Leonhardt, Scott Ross, Jordi Savall, Hopkinson Smith. Frequenti inviti, sia come solista, sia in qualit\u00e0 di direttore, gli giungono da grandi formazioni quali l\u2019Orchestre des Champs-Elys\u00e9es, il Concertgebouw di Amsterdam, il Concentus Musicus, l\u2019Orchestra of the Age of Enlightenment, l\u2019Academy of Ancient Music. Nel 1984 al Conservatorio di Parigi inaugura la cattedra di violoncello barocco e viola da gamba. Diviene quindi docente presso la Schola Cantorum di Basilea, nonch\u00e9 presso le Accademie Internazionali di Granada e Innsbr\u00fcck.<\/p>\n<p>Violista da gamba e violoncellista, <strong>Giovanna Barbati<\/strong> \u00e8 stata per molti anni primo violoncello dell\u2019Accademia Montis Regalis. Nello stesso ruolo ha suonato con la Innsbrucker Festwochen Orchestra, il Teatro Regio di Torino, Accademia Bizantina, Les Talens Lyriques, Il Complesso Barocco, la Real Compa\u00f1\u00eca \u00d2pera da C\u00e0mara; alla viola da gamba ha suonato il continuo in varie opere al Teatro La Fenice di Venezia, all\u2019Innsbrucker Festwochen der alten Musik, al Posdam Festspiele e al Stadttheater Bern. Da anni svolge ricerca musicologica sulla didattica storica dell\u2019improvvisazione al violoncello e alla viola da gamba.<\/p>\n<p>Nato a Roma nel 1960, <strong>Andrea Coen<\/strong> ha conseguito il diploma di clavicembalo presso il Royal College of Music di Londra. Interessatosi fra i primi in Italia alla prassi esecutiva degli antichi strumenti a tastiera, svolge intensa attivit\u00e0 concertistica in tutto il mondo come clavicembalista, organista e fortepianista per le pi\u00f9 prestigiose istituzioni musicali. Ha inciso per EMI, Denon, Deutsche Harmonia Mundi, Dynamic, Bongiovanni, Stradivarius, Brilliant Classics e Na\u00efves, oltre che per le pi\u00f9 prestigiose emittenti radiotelevisive italiane e estere. Ha collaborato con solisti, direttori ed ensemble cameristici di fama quali fra gli altri Aris Christofellis, Christopher Hogwood, Monica Huggett, Ann Hallenberg, Sara Mingardo, Emma Kirkby, Anton Steck, Antonio Pappano, Fabio Biondi, Trevor Pinnock, la Cappella Musicale di San Giacomo, l\u2019Ensemble Seicentonovecento, Odhecaton, il Collegium pro Musica, i Solisti Italiani.<\/p>\n<h5><strong>Stagione dei concerti 2026 &#8211; <em>Concerti di Primavera<\/em><\/strong><\/h5>","protected":false},"excerpt":{"rendered":"<p>Christophe Coin e Giovanna Barbati violoncello barocco Andrea Coen clavicembalo &nbsp; Antonio Vivaldi (1678-1741) Sonata in si bemolle maggiore op. 14 n. 1 Francesco Paolo Supriani (1678-1753) Toccata in fa minore per violoncello solo Sonata in fa maggiore per due violoncelli Francesco Geminiani (1687-1762) Sonata in do maggiore op. 5 n. 3 Tendrement in la [&hellip;]<\/p>","protected":false},"author":2,"featured_media":2729,"comment_status":"closed","ping_status":"closed","template":"","tags":[],"mec_category":[35],"yoast_head":"<!-- This site is optimized with the Yoast SEO plugin v20.8 - https:\/\/yoast.com\/wordpress\/plugins\/seo\/ -->\n<title>Il Violoncello di Christophe Coin - Accademia Musicale Jacopo Napoli<\/title>\n<meta name=\"robots\" content=\"index, follow, max-snippet:-1, max-image-preview:large, max-video-preview:-1\" \/>\n<link rel=\"canonical\" href=\"https:\/\/jacoponapoli.it\/en\/events\/il-violoncello-di-christophe-coin\/\" \/>\n<meta property=\"og:locale\" content=\"en_GB\" \/>\n<meta property=\"og:type\" content=\"article\" \/>\n<meta property=\"og:title\" content=\"Il Violoncello di Christophe Coin - Accademia Musicale Jacopo Napoli\" \/>\n<meta property=\"og:description\" content=\"Christophe Coin e Giovanna Barbati violoncello barocco Andrea Coen clavicembalo &nbsp; Antonio Vivaldi (1678-1741) Sonata in si bemolle maggiore op. 14 n. 1 Francesco Paolo Supriani (1678-1753) Toccata in fa minore per violoncello solo Sonata in fa maggiore per due violoncelli Francesco Geminiani (1687-1762) Sonata in do maggiore op. 5 n. 3 Tendrement in la [&hellip;]\" \/>\n<meta property=\"og:url\" content=\"https:\/\/jacoponapoli.it\/en\/events\/il-violoncello-di-christophe-coin\/\" \/>\n<meta property=\"og:site_name\" content=\"Accademia Musicale Jacopo Napoli\" \/>\n<meta property=\"og:image\" content=\"https:\/\/jacoponapoli.it\/wp-content\/uploads\/2026\/03\/BannerNote-di-Primavera-2026_JN-1-scaled-e1773495551504.jpg\" \/>\n\t<meta property=\"og:image:width\" content=\"950\" \/>\n\t<meta property=\"og:image:height\" content=\"645\" \/>\n\t<meta property=\"og:image:type\" content=\"image\/jpeg\" \/>\n<meta name=\"twitter:card\" content=\"summary_large_image\" \/>\n<meta name=\"twitter:label1\" content=\"Estimated reading time\" \/>\n\t<meta name=\"twitter:data1\" content=\"3 minutes\" \/>\n<script type=\"application\/ld+json\" class=\"yoast-schema-graph\">{\"@context\":\"https:\/\/schema.org\",\"@graph\":[{\"@type\":\"WebPage\",\"@id\":\"https:\/\/jacoponapoli.it\/events\/il-violoncello-di-christophe-coin\/\",\"url\":\"https:\/\/jacoponapoli.it\/events\/il-violoncello-di-christophe-coin\/\",\"name\":\"Il Violoncello di Christophe Coin - Accademia Musicale Jacopo Napoli\",\"isPartOf\":{\"@id\":\"https:\/\/jacoponapoli.it\/#website\"},\"datePublished\":\"2026-04-20T19:26:13+00:00\",\"dateModified\":\"2026-04-20T19:26:13+00:00\",\"breadcrumb\":{\"@id\":\"https:\/\/jacoponapoli.it\/events\/il-violoncello-di-christophe-coin\/#breadcrumb\"},\"inLanguage\":\"en-GB\",\"potentialAction\":[{\"@type\":\"ReadAction\",\"target\":[\"https:\/\/jacoponapoli.it\/events\/il-violoncello-di-christophe-coin\/\"]}]},{\"@type\":\"BreadcrumbList\",\"@id\":\"https:\/\/jacoponapoli.it\/events\/il-violoncello-di-christophe-coin\/#breadcrumb\",\"itemListElement\":[{\"@type\":\"ListItem\",\"position\":1,\"name\":\"Home\",\"item\":\"https:\/\/jacoponapoli.it\/\"},{\"@type\":\"ListItem\",\"position\":2,\"name\":\"Eventi\",\"item\":\"https:\/\/jacoponapoli.it\/events\/\"},{\"@type\":\"ListItem\",\"position\":3,\"name\":\"Il Violoncello di Christophe Coin\"}]},{\"@type\":\"WebSite\",\"@id\":\"https:\/\/jacoponapoli.it\/#website\",\"url\":\"https:\/\/jacoponapoli.it\/\",\"name\":\"Accademia Musicale Jacopo Napoli\",\"description\":\"\",\"potentialAction\":[{\"@type\":\"SearchAction\",\"target\":{\"@type\":\"EntryPoint\",\"urlTemplate\":\"https:\/\/jacoponapoli.it\/?s={search_term_string}\"},\"query-input\":\"required name=search_term_string\"}],\"inLanguage\":\"en-GB\"}]}<\/script>\n<!-- \/ Yoast SEO plugin. -->","yoast_head_json":{"title":"Il Violoncello di Christophe Coin - Accademia Musicale Jacopo Napoli","robots":{"index":"index","follow":"follow","max-snippet":"max-snippet:-1","max-image-preview":"max-image-preview:large","max-video-preview":"max-video-preview:-1"},"canonical":"https:\/\/jacoponapoli.it\/en\/events\/il-violoncello-di-christophe-coin\/","og_locale":"en_GB","og_type":"article","og_title":"Il Violoncello di Christophe Coin - Accademia Musicale Jacopo Napoli","og_description":"Christophe Coin e Giovanna Barbati violoncello barocco Andrea Coen clavicembalo &nbsp; Antonio Vivaldi (1678-1741) Sonata in si bemolle maggiore op. 14 n. 1 Francesco Paolo Supriani (1678-1753) Toccata in fa minore per violoncello solo Sonata in fa maggiore per due violoncelli Francesco Geminiani (1687-1762) Sonata in do maggiore op. 5 n. 3 Tendrement in la [&hellip;]","og_url":"https:\/\/jacoponapoli.it\/en\/events\/il-violoncello-di-christophe-coin\/","og_site_name":"Accademia Musicale Jacopo Napoli","og_image":[{"width":950,"height":645,"url":"https:\/\/jacoponapoli.it\/wp-content\/uploads\/2026\/03\/BannerNote-di-Primavera-2026_JN-1-scaled-e1773495551504.jpg","type":"image\/jpeg"}],"twitter_card":"summary_large_image","twitter_misc":{"Estimated reading time":"3 minutes"},"schema":{"@context":"https:\/\/schema.org","@graph":[{"@type":"WebPage","@id":"https:\/\/jacoponapoli.it\/events\/il-violoncello-di-christophe-coin\/","url":"https:\/\/jacoponapoli.it\/events\/il-violoncello-di-christophe-coin\/","name":"Il Violoncello di Christophe Coin - Accademia Musicale Jacopo Napoli","isPartOf":{"@id":"https:\/\/jacoponapoli.it\/#website"},"datePublished":"2026-04-20T19:26:13+00:00","dateModified":"2026-04-20T19:26:13+00:00","breadcrumb":{"@id":"https:\/\/jacoponapoli.it\/events\/il-violoncello-di-christophe-coin\/#breadcrumb"},"inLanguage":"en-GB","potentialAction":[{"@type":"ReadAction","target":["https:\/\/jacoponapoli.it\/events\/il-violoncello-di-christophe-coin\/"]}]},{"@type":"BreadcrumbList","@id":"https:\/\/jacoponapoli.it\/events\/il-violoncello-di-christophe-coin\/#breadcrumb","itemListElement":[{"@type":"ListItem","position":1,"name":"Home","item":"https:\/\/jacoponapoli.it\/"},{"@type":"ListItem","position":2,"name":"Eventi","item":"https:\/\/jacoponapoli.it\/events\/"},{"@type":"ListItem","position":3,"name":"Il Violoncello di Christophe Coin"}]},{"@type":"WebSite","@id":"https:\/\/jacoponapoli.it\/#website","url":"https:\/\/jacoponapoli.it\/","name":"Accademia Musicale Jacopo Napoli","description":"","potentialAction":[{"@type":"SearchAction","target":{"@type":"EntryPoint","urlTemplate":"https:\/\/jacoponapoli.it\/?s={search_term_string}"},"query-input":"required name=search_term_string"}],"inLanguage":"en-GB"}]}},"_links":{"self":[{"href":"https:\/\/jacoponapoli.it\/en\/wp-json\/wp\/v2\/mec-events\/2772"}],"collection":[{"href":"https:\/\/jacoponapoli.it\/en\/wp-json\/wp\/v2\/mec-events"}],"about":[{"href":"https:\/\/jacoponapoli.it\/en\/wp-json\/wp\/v2\/types\/mec-events"}],"author":[{"embeddable":true,"href":"https:\/\/jacoponapoli.it\/en\/wp-json\/wp\/v2\/users\/2"}],"replies":[{"embeddable":true,"href":"https:\/\/jacoponapoli.it\/en\/wp-json\/wp\/v2\/comments?post=2772"}],"wp:featuredmedia":[{"embeddable":true,"href":"https:\/\/jacoponapoli.it\/en\/wp-json\/wp\/v2\/media\/2729"}],"wp:attachment":[{"href":"https:\/\/jacoponapoli.it\/en\/wp-json\/wp\/v2\/media?parent=2772"}],"wp:term":[{"taxonomy":"post_tag","embeddable":true,"href":"https:\/\/jacoponapoli.it\/en\/wp-json\/wp\/v2\/tags?post=2772"},{"taxonomy":"mec_category","embeddable":true,"href":"https:\/\/jacoponapoli.it\/en\/wp-json\/wp\/v2\/mec_category?post=2772"}],"curies":[{"name":"wp","href":"https:\/\/api.w.org\/{rel}","templated":true}]}}

<h4><img decoding="async" loading="lazy" class="wp-image-2773  alignright" src="https://jacoponapoli.it/wp-content/uploads/2026/04/Coin_Cello_petrS2022-7930full-218x300.jpg" alt="" width="350" height="481" srcset="https://jacoponapoli.it/wp-content/uploads/2026/04/Coin_Cello_petrS2022-7930full-218x300.jpg 218w, https://jacoponapoli.it/wp-content/uploads/2026/04/Coin_Cello_petrS2022-7930full-743x1024.jpg 743w, https://jacoponapoli.it/wp-content/uploads/2026/04/Coin_Cello_petrS2022-7930full-768x1058.jpg 768w, https://jacoponapoli.it/wp-content/uploads/2026/04/Coin_Cello_petrS2022-7930full-1115x1536.jpg 1115w, https://jacoponapoli.it/wp-content/uploads/2026/04/Coin_Cello_petrS2022-7930full-1486x2048.jpg 1486w, https://jacoponapoli.it/wp-content/uploads/2026/04/Coin_Cello_petrS2022-7930full-9x12.jpg 9w, https://jacoponapoli.it/wp-content/uploads/2026/04/Coin_Cello_petrS2022-7930full-scaled.jpg 1858w" sizes="(max-width: 350px) 100vw, 350px" /></h4>
<h4><strong>Christophe Coin e Giovanna Barbati <em>violoncello barocco</em></strong></h4>
<h4><strong>Andrea Coen <em>clavicembalo</em></strong></h4>
<p>&nbsp;</p>
<h5><strong>Antonio Vivaldi (1678-1741)</strong></h5>
<h5><em>Sonata in si bemolle maggiore op. 14 n. 1 </em></h5>
<h5><strong>Francesco Paolo Supriani (1678-1753)</strong></h5>
<h5><em>Toccata in fa minore per violoncello solo</em></h5>
<h5><em>Sonata in fa maggiore per due violoncelli</em></h5>
<h5><strong>Francesco Geminiani (1687-1762)</strong></h5>
<h5><em>Sonata in do maggiore op. 5 n. 3</em></h5>
<h5><em>Tendrement in la minore H. 206 per clavicembalo</em></h5>
<h5><strong>Martin Berteau (1691-1771)</strong></h5>
<h5><em>Sonata in re maggiore op. 1 n. 2</em></h5>
<h5><strong>Jean-Baptiste Barrière (1707-1747)</strong></h5>
<h5><em>Sonata in do minore n. 6 </em></h5>
<p>&nbsp;</p>
<p>Nato a Caen nel 1958, <strong>Christophe Coin</strong> ha ottenuto il Premier Prix di violoncello al Conservatorio di Parigi, nella classe di André Navarra; a Vienna studia poi con Jordi Savall alla Schola Cantorum di Basilea. Trovato negli strumenti antichi il suo terreno ideale, Coin fa da subito il suo ingresso nel mondo concertistico ad altissimo livello, lavorando con il Concentus Musicus di Vienna e poi con Christopher Hogwood. Nel 1984 fonda il Quartetto Mosaïques: i loro cd dedicati all’op. 20 e all’op. 33 di Haydn vengono insigniti del prestigioso Gramophone Award. Christophe Coin lavora inoltre con musicisti del calibro di Patrick Cohen, Monica Huggett, Ton Koopman, Wieland Kuijken, Gustav Leonhardt, Scott Ross, Jordi Savall, Hopkinson Smith. Frequenti inviti, sia come solista, sia in qualità di direttore, gli giungono da grandi formazioni quali l’Orchestre des Champs-Elysées, il Concertgebouw di Amsterdam, il Concentus Musicus, l’Orchestra of the Age of Enlightenment, l’Academy of Ancient Music. Nel 1984 al Conservatorio di Parigi inaugura la cattedra di violoncello barocco e viola da gamba. Diviene quindi docente presso la Schola Cantorum di Basilea, nonché presso le Accademie Internazionali di Granada e Innsbrück.</p>
<p>Violista da gamba e violoncellista, <strong>Giovanna Barbati</strong> è stata per molti anni primo violoncello dell’Accademia Montis Regalis. Nello stesso ruolo ha suonato con la Innsbrucker Festwochen Orchestra, il Teatro Regio di Torino, Accademia Bizantina, Les Talens Lyriques, Il Complesso Barocco, la Real Compañìa Òpera da Càmara; alla viola da gamba ha suonato il continuo in varie opere al Teatro La Fenice di Venezia, all’Innsbrucker Festwochen der alten Musik, al Posdam Festspiele e al Stadttheater Bern. Da anni svolge ricerca musicologica sulla didattica storica dell’improvvisazione al violoncello e alla viola da gamba.</p>
<p>Nato a Roma nel 1960, <strong>Andrea Coen</strong> ha conseguito il diploma di clavicembalo presso il Royal College of Music di Londra. Interessatosi fra i primi in Italia alla prassi esecutiva degli antichi strumenti a tastiera, svolge intensa attività concertistica in tutto il mondo come clavicembalista, organista e fortepianista per le più prestigiose istituzioni musicali. Ha inciso per EMI, Denon, Deutsche Harmonia Mundi, Dynamic, Bongiovanni, Stradivarius, Brilliant Classics e Naïves, oltre che per le più prestigiose emittenti radiotelevisive italiane e estere. Ha collaborato con solisti, direttori ed ensemble cameristici di fama quali fra gli altri Aris Christofellis, Christopher Hogwood, Monica Huggett, Ann Hallenberg, Sara Mingardo, Emma Kirkby, Anton Steck, Antonio Pappano, Fabio Biondi, Trevor Pinnock, la Cappella Musicale di San Giacomo, l’Ensemble Seicentonovecento, Odhecaton, il Collegium pro Musica, i Solisti Italiani.</p>
<h5><strong>Stagione dei concerti 2026 &#8211; <em>Concerti di Primavera</em></strong></h5>
